 Calculate f(5).
73
Let z(c) = 1091*c + 4377. Give z(-4).
13
Let b(w) = -3*w**3 - 17*w**2 + 218*w + 324. Determine b(7).
-12
Let q(m) = m**2 + 286*m - 1454. Calculate q(5).
1
Let m(o) = -120*o + 719. Determine m(6).
-1
Let x(k) = -2*k**3 - 14*k**2 - 15*k - 21. What is x(-6)?
-3
Let z(x) = -x**3 - 47*x**2 - 614*x - 38193. Give z(-50).
7
Let g(c) = c**3 - 32*c**2 + 61*c - 37. Determine g(30).
-7
Let u(i) = 25*i - 566. Give u(22).
-16
Let b(a) = 2*a**2 - 34*a + 156. Determine b(6).
24
Let m(j) = -55*j**3 - 1705*j**2 - j - 35. What is m(-31)?
-4
Let t(o) = -14*o**2 - 196*o + 444. What is t(-16)?
-4
Let p(n) = -n**2 - 19*n + 42. Determine p(2).
0
Let r(i) = 16*i**2 - 30*i - 113. Calculate r(-4).
263
Let u(l) = 86*l**2 - 82*l - 14. Give u(1).
-10
Let v(j) = -30*j**2 + 196*j + 2254. Determine v(-6).
-2
Let x(j) = -j**2 + 34*j + 469. Calculate x(45).
-26
Let x(m) = 6*m - 6. Calculate x(-7).
-48
Let t(k) = -k**3 + k**2 - 391*k - 2108. Give t(-5).
-3
Let n(z) = 225*z - 853. Calculate n(4).
47
Let q(p) = 37*p - 3034. What is q(82)?
0
Let v(c) = -5*c**2 + 68*c + 15. What is v(14)?
-13
Let k(c) = -c**2 - 12*c - 126. Give k(-16).
-190
Let d(g) = g**3 - 46*g**2 - 98*g + 80. Determine d(48).
-16
Let m(f) = -f**3 + 27*f - 32. Calculate m(4).
12
Let x(i) = -55*i**2 - 830*i - 32. Determine x(-15).
43
Let d(o) = -3*o**3 - 2*o**2 + 3*o + 9. Calculate d(-2).
19
Let l(y) = 2*y**3 - y**2 - 34*y + 102. Calculate l(6).
294
Let i(p) = -8*p**2 + 6*p - 8. Determine i(2).
-28
Let f(w) = w**3 - 22*w**2 - 56*w - 158. Calculate f(25).
317
Let v(c) = 8*c**3 + 4*c**2 - 76*c + 132. Determine v(2).
60
Let r(y) = 3*y**3 + 32*y**2 - 128*y - 1267. Determine r(-11).
20
Let i(a) = a + 51. Determine i(18).
69
Let w(z) = 28*z + 515. Calculate w(0).
515
Let p(m) = -255*m + 1055. Give p(5).
-220
Let g(f) = 4414*f - 2. Calculate g(0).
-2
Let i(y) = y**3 + 6*y**2 - 40*y - 40. What is i(-10)?
-40
Let h(b) = 93*b - 849. Give h(9).
-12
Let b(v) = -v**2 + 31*v + 1820. Give b(61).
-10
Let h(w) = -135*w + 17278. Give h(128).
-2
Let h(k) = 6*k**2 + 92*k + 10. Determine h(-14).
-102
Let m(a) = 2*a**2 + 19*a + 41. Give m(-5).
-4
Let l(j) = 14*j**3 + 41*j**2 - 9*j - 6. What is l(-3)?
12
Let b(l) = -l**2 + 39*l - 240. Calculate b(12).
84
Let w(m) = -5*m - 42. Determine w(-20).
58
Let j(q) = 8*q + 143. Determine j(0).
143
Let b(x) = -2*x + 67. What is b(6)?
55
Let h(o) = 10*o**2 - 41*o + 78. Give h(2).
36
Let v(k) = -4*k**2 - 78*k + 330. Determine v(-22).
110
Let s(l) = -16*l**2 - 1089*l - 63. Give s(-68).
5
Let w(g) = 3405*g + 30662. Determine w(-9).
17
Let j(i) = -i**2 + 39*i. Determine j(42).
-126
Let b(g) = 9*g**2 - 32*g - 108. Give b(-4).
164
Let y(a) = -64*a - 1664. What is y(-26)?
0
Let p(j) = -j**3 - 4*j**2 - 13*j - 244. What is p(-7)?
-6
Let f(u) = -61*u - 22. Calculate f(2).
-144
Let b(x) = 2*x**3 + 10*x**2 + 15*x + 27. Give b(-4).
-1
Let d(a) = -a**3 - 21*a**2 + 368*a - 205. Give d(11).
-29
Let c(k) = 287*k + 277. Determine c(-1).
-10
Let z(u) = 3*u**3 - 6*u - 122. Determine z(0).
-122
Let z(i) = -6*i**2 - 829*i + 696. Give z(-139).
1
Let x(q) = 113*q + 4633. What is x(-41)?
0
Let y(z) = -z**2 - 15*z + 1691. Calculate y(-53).
-323
Let o(b) = 28*b**2 + 5*b - 3. What is o(3)?
264
Let p(q) = -q**3 + 146*q**2 - 1493*q - 12. Give p(11).
-100
Let m(a) = a**3 + 153*a**2 - 152*a + 307. Calculate m(-154).
-1
Let o(v) = 139*v - 21008. What is o(151)?
-19
Let f(p) = -59*p + 579. Give f(10).
-11
Let c(v) = 50*v**2 + 202*v + 9. Calculate c(-4).
1
Let s(m) = -2*m**2 + 15*m + 14. Determine s(9).
-13
Let x(j) = -5*j**2 + 4*j - 17. Give x(3).
-50
Let s(p) = p**2 - 59*p + 1033. Give s(32).
169
Let r(y) = y**2 - 53*y - 76. Determine r(48).
-316
Let b(m) = m**3 + 3*m**2 + 4*m + 21. What is b(-3)?
9
Let k(y) = -196*y + 5888. Determine k(31).
-188
Let g(a) = -3*a**2 - a + 32. Determine g(5).
-48
Let o(x) = -2*x**3 - 48*x**2 + 102*x + 11. Calculate o(-26).
63
Let s(p) = -p**3 + 21*p**2 + 15*p - 163. Calculate s(21).
152
Let o(x) = -12*x - 734. Determine o(-59).
-26
Let u(g) = -4*g**2 + 58*g - 33. Give u(14).
-5
Let s(j) = j**3 - 9*j**2 - 16*j - 49. Give s(11).
17
Let d(p) = -p**2 - 123*p - 244. Calculate d(-2).
-2
Let y(g) = -12*g**2 + 71*g + 77. What is y(7)?
-14
Let o(f) = f**3 - 10*f**2 - 6*f - 27. Determine o(11).
28
Let v(q) = -134*q**3 - 2*q**2 + 2*q + 1. What is v(1)?
-133
Let z(s) = 2*s**3 + 4*s**2 + 178*s + 348. Give z(-2).
-8
Let a(v) = -73*v - 10. Determine a(-1).
63
Let l(c) = -27*c**3 - 14*c**2 + 14*c. Give l(1).
-27
Let y(g) = -19*g + 129. Give y(10).
-61
Let b(x) = -7*x**2 + 102*x + 21. Give b(15).
-24
Let o(f) = 13*f - 67. Calculate o(-22).
-353
Let j(a) = -a**3 + 87*a**2 - 194*a + 2025. Determine j(85).
-15
Let g(u) = 6*u**2 - 120*u + 108. What is g(19)?
-6
Let v(c) = 2*c**2 + 103*c + 124. Determine v(-50).
-26
Let o(h) = -h**3 + 2*h**2 + 12*h + 8. Determine o(5).
-7
Let i(x) = -3510*x + 98283. Calculate i(28).
3
Let h(i) = -68*i**2 + 259*i - 1068. Determine h(4).
-1120
Let y(z) = 2*z**3 - 3*z**2 - 4. Calculate y(4).
76
Let i(j) = j**3 - 14*j**2 - 12*j + 171. What is i(10)?
-349
Let n(q) = -3*q**2 + 28*q + 167. Determine n(13).
24
Let k(c) = 63*c + 94. Calculate k(-8).
-410
Let h(i) = 10*i**2 + 12*i - 27. Calculate h(5).
283
Let w(o) = 66*o + 71. Calculate w(-2).
-61
Let k(l) = -2*l**2 - 230*l + 1701. Determine k(-122).
-7
Let y(a) = -a**3 + 19*a**2 + 51*a - 189. What is y(21)?
0
Let z(g) = 2040*g + 10178. What is z(-5)?
-22
Let a(v) = -1611*v + 4832. What is a(3)?
-1
Let c(r) = -49*r - 138. What is c(-1)?
-89
Let u(o) = 96*o - 72. Calculate u(2).
120
Let j(a) = 1114*a - 4605. What is j(4)?
-149
Let q(d) = d**3 - 10*d**2 + 9*d + 62. Determine q(8).
6
Let p(w) = 3*w**3 - 15*w**2 + 35*w + 28. Determine p(5).
203
Let s(y) = -2*y**2 + 126*y - 1331. Give s(14).
41
Let l(w) = 20*w - 157. Give l(9).
23
Let v(c) = 24*c + 153. What is v(-8)?
-39
Let b(s) = 28*s**2 - 94*s + 13. Determine b(3).
-17
Let j(k) = -208*k - 696. What is j(-3)?
-72
Let r(h) = 906*h + 4547. What is r(-5)?
17
Let p(q) = -2*q + 80. Give p(-22).
124
Let u(o) = -o**3 - 4*o**2 - 250*o - 988. What is u(-4)?
12
Let i(w) = 2*w**3 + 85*w**2 - 68*w - 1046. Determine i(-43).
29
Let t(q) = 8*q - 1027. Give t(27).
-811
Let q(f) = 4*f**2 + 16*f - 398. Give q(10).
162
Let d(l) = 85*l + 4509. Give d(-51).
174
Let b(s) = 675*s - 3375. Give b(5).
0
Let f(h) = 20*h - 470. Calculate f(22).
-30
Let q(u) = -37*u + 2529. What is q(67)?
50
Let k(y) = 35*y - 7. Determine k(-1).
-42
Let g(h) = -33*h - 872. Give g(-25).
-47
Let l(y) = 14*y + 677. Determine l(-55).
-93
Let j(g) = -2921*g - 23378. Determine j(-8).
-10
Let d(c) = 7*c**3 - 71*c**2 - 72*c. Determine d(-1).
-6
Let r(f) = -5*f**3 - 51*f**2 + f - 1. What is r(-8)?
-713
Let n(k) = 15*k + 224. Determine n(-19).
-61
Let x(b) = 792*b - 83164. Calculate x(105).
-4
Let k(m) = m**2 + 2*m - 6. Determine k(-8).
42
Let x(u) = 22*u - 66. Calculate x(9).
132
Let u(k) = 11*k**2 - 35*k - 35. Calculate u(8).
389
Let s(p) = -p**3 + 21*p**2 - p + 12. Give s(21).
-9
Let c(u) = 3*u**2 - 227*u - 294. Calculate c(77).
14
Let o(r) = r**2 - 10*r - 158. Determine o(19).
13
Let q(t) = 51*t - 683. What is q(13)?
-20
Let f(m) = m**2 + 25*m + 17. Calculate f(-10).
-133
Let u(n) = 2*n**3 + 33*n**2 + 18*n + 32. Give u(-16).
0
Let o(f) = -2*f**3 - 29*f**2 - 42*f + 20. Determine o(-2).
4
Let q(l) = -145*l**3 - l**2 + 4*l + 6. Calculate q(-1).
146
Let u(l) = l**3 + 7*l**2 + 3*l + 3. Determine u(-3).
30
Let w(a) = -116*a - 98. What is w(-1)?
18
Let k(m) = -10*m**3 + 3*m**2 + 57*m - 55. Determine k(1).
-5
Let g(t) = -t**2 + 57*t + 588. Determine g(66).
-6
Let r(l) = 16*l + 74. Give r(-4).
10
Let k(a) = -3*a**2 - 42*a + 78. Give k(-16).
-18
Let n(m) = m**2 - 386*m + 1158. What is n(3)?
9
Let m(z) = -3*z**2 - 132*z + 3368. What is m(18)?
20
Let t(x) = -2*x**3 - 25*x**2 + 49*x + 97. Determine t(-14).
-1
Let o(f) = -f**3 + 14*f**2 - 3*f + 45. Give o(8).
405
Let w(b) = -b**2 - 26*b - 169. Give w(-14).
-1
Let z(j) = -22*j**2 - 46*j + 46. Give z(1).
-22
Let q(o) = -44*o - 1904. Give q(-43).
-12
Let y(s) = 5*s**2 - 19*s - 177. Determine y(-4).
-21
Let t(z) = -31*z - 458. Calculate t(-15).
7
Let i(l) = 26*l + 45. Calculate i(9).
279
Let u(s) = 23*s - 252. Give u(20).
208
Let k(p) = p**3 + 3*p**2 + 38*p. Determine k(9).
1314
Let s(c) = c**